{"id":531,"date":"2023-10-07T15:33:40","date_gmt":"2023-10-07T18:33:40","guid":{"rendered":"https:\/\/apaecl.org.br\/?page_id=531"},"modified":"2023-10-17T14:26:29","modified_gmt":"2023-10-17T17:26:29","slug":"doe-via-pix","status":"publish","type":"page","link":"https:\/\/apaecl.org.br\/index.php\/doe-via-pix\/","title":{"rendered":"DOE VIA PIX"},"content":{"rendered":"\t\t<div data-elementor-type=\"wp-page\" data-elementor-id=\"531\" class=\"elementor elementor-531\">\n\t\t\t\t\t\t\t\t\t<section class=\"elementor-section elementor-top-section elementor-element elementor-element-a55ea89 elementor-section-full_width elementor-section-height-default elementor-section-height-default\" data-id=\"a55ea89\" data-element_type=\"section\">\n\t\t\t\t\t\t<div class=\"elementor-container elementor-column-gap-default\">\n\t\t\t\t\t<div class=\"elementor-column elementor-col-100 elementor-top-column elementor-element elementor-element-8b75b10\" data-id=\"8b75b10\" data-element_type=\"column\">\n\t\t\t<div class=\"elementor-widget-wrap elementor-element-populated\">\n\t\t\t\t\t\t\t\t<div class=\"elementor-element elementor-element-b31d7ad elementor-widget elementor-widget-image\" data-id=\"b31d7ad\" data-element_type=\"widget\" data-widget_type=\"image.default\">\n\t\t\t\t<div class=\"elementor-widget-container\">\n\t\t\t<style>\/*! elementor - v3.15.0 - 02-08-2023 *\/\n.elementor-widget-image{text-align:center}.elementor-widget-image a{display:inline-block}.elementor-widget-image a img[src$=\".svg\"]{width:48px}.elementor-widget-image img{vertical-align:middle;display:inline-block}<\/style>\t\t\t\t\t\t\t\t\t\t\t\t<img loading=\"lazy\" decoding=\"async\" width=\"1920\" height=\"800\" src=\"https:\/\/apaecl.org.br\/wp-content\/uploads\/2023\/10\/Desktop-Padrao-1920.png\" class=\"attachment-full size-full wp-image-534\" alt=\"\" srcset=\"https:\/\/apaecl.org.br\/wp-content\/uploads\/2023\/10\/Desktop-Padrao-1920.png 1920w, https:\/\/apaecl.org.br\/wp-content\/uploads\/2023\/10\/Desktop-Padrao-1920-300x125.png 300w, https:\/\/apaecl.org.br\/wp-content\/uploads\/2023\/10\/Desktop-Padrao-1920-1024x427.png 1024w, https:\/\/apaecl.org.br\/wp-content\/uploads\/2023\/10\/Desktop-Padrao-1920-768x320.png 768w, https:\/\/apaecl.org.br\/wp-content\/uploads\/2023\/10\/Desktop-Padrao-1920-1536x640.png 1536w\" sizes=\"(max-width: 1920px) 100vw, 1920px\" \/>\t\t\t\t\t\t\t\t\t\t\t\t\t\t\t<\/div>\n\t\t\t\t<\/div>\n\t\t\t\t\t<\/div>\n\t\t<\/div>\n\t\t\t\t\t\t\t<\/div>\n\t\t<\/section>\n\t\t\t\t<section class=\"elementor-section elementor-top-section elementor-element elementor-element-08e2d9e elementor-section-boxed elementor-section-height-default elementor-section-height-default\" data-id=\"08e2d9e\" data-element_type=\"section\">\n\t\t\t\t\t\t\t<div class=\"elementor-background-overlay\"><\/div>\n\t\t\t\t\t\t\t<div class=\"elementor-container elementor-column-gap-default\">\n\t\t\t\t\t<div class=\"elementor-column elementor-col-100 elementor-top-column elementor-element elementor-element-e3103a2\" data-id=\"e3103a2\" data-element_type=\"column\">\n\t\t\t<div class=\"elementor-widget-wrap elementor-element-populated\">\n\t\t\t\t\t\t\t\t<div class=\"elementor-element elementor-element-ba14669 elementor-widget elementor-widget-heading\" data-id=\"ba14669\" data-element_type=\"widget\" data-widget_type=\"heading.default\">\n\t\t\t\t<div class=\"elementor-widget-container\">\n\t\t\t<style>\/*! elementor - v3.15.0 - 02-08-2023 *\/\n.elementor-heading-title{padding:0;margin:0;line-height:1}.elementor-widget-heading .elementor-heading-title[class*=elementor-size-]>a{color:inherit;font-size:inherit;line-height:inherit}.elementor-widget-heading .elementor-heading-title.elementor-size-small{font-size:15px}.elementor-widget-heading .elementor-heading-title.elementor-size-medium{font-size:19px}.elementor-widget-heading .elementor-heading-title.elementor-size-large{font-size:29px}.elementor-widget-heading .elementor-heading-title.elementor-size-xl{font-size:39px}.elementor-widget-heading .elementor-heading-title.elementor-size-xxl{font-size:59px}<\/style><h2 class=\"elementor-heading-title elementor-size-default\">Doe via PIX\n<\/h2>\t\t<\/div>\n\t\t\t\t<\/div>\n\t\t\t\t<div class=\"elementor-element elementor-element-7b2e67a elementor-widget elementor-widget-text-editor\" data-id=\"7b2e67a\" data-element_type=\"widget\" data-widget_type=\"text-editor.default\">\n\t\t\t\t<div class=\"elementor-widget-container\">\n\t\t\t<style>\/*! elementor - v3.15.0 - 02-08-2023 *\/\n.elementor-widget-text-editor.elementor-drop-cap-view-stacked .elementor-drop-cap{background-color:#69727d;color:#fff}.elementor-widget-text-editor.elementor-drop-cap-view-framed .elementor-drop-cap{color:#69727d;border:3px solid;background-color:transparent}.elementor-widget-text-editor:not(.elementor-drop-cap-view-default) .elementor-drop-cap{margin-top:8px}.elementor-widget-text-editor:not(.elementor-drop-cap-view-default) .elementor-drop-cap-letter{width:1em;height:1em}.elementor-widget-text-editor .elementor-drop-cap{float:left;text-align:center;line-height:1;font-size:50px}.elementor-widget-text-editor .elementor-drop-cap-letter{display:inline-block}<\/style>\t\t\t\t<p>Se voc\u00ea tem um celular com o aplicativo do seu banco ou outros apps \u2013 como PicPay, PayPal, MercadoPago, Ame Digital ou Nubank \u2013 \u00e9 poss\u00edvel fazer uma doa\u00e7\u00e3o inserindo a<b> chave PIX da Apae Lafaiete<\/b>. Voc\u00ea precisar\u00e1 ter o seu pr\u00f3prio PIX cadastrado antes dessa transa\u00e7\u00e3o.<\/p><p>Ao doar para a<b> APAE LAFAIETE<\/b>, voc\u00ea est\u00e1 contribuindo para o atendimento Terap\u00eautico Gratuito para quase 500 pessoas com defici\u00eancia intelectual. Somente em 2022, foram quase 35 mil atendimentos.<\/p>\t\t\t\t\t\t<\/div>\n\t\t\t\t<\/div>\n\t\t\t\t<div class=\"elementor-element elementor-element-bdb67bd elementor-widget elementor-widget-heading\" data-id=\"bdb67bd\" data-element_type=\"widget\" data-widget_type=\"heading.default\">\n\t\t\t\t<div class=\"elementor-widget-container\">\n\t\t\t<h2 class=\"elementor-heading-title elementor-size-default\">Veja alguns valores que voc\u00ea pode contribuir:\n<\/h2>\t\t<\/div>\n\t\t\t\t<\/div>\n\t\t\t\t<div class=\"elementor-element elementor-element-ca296c2 elementor-widget elementor-widget-image\" data-id=\"ca296c2\" data-element_type=\"widget\" data-widget_type=\"image.default\">\n\t\t\t\t<div class=\"elementor-widget-container\">\n\t\t\t\t\t\t\t\t\t\t\t\t\t\t\t<img loading=\"lazy\" decoding=\"async\" width=\"2048\" height=\"1024\" src=\"https:\/\/apaecl.org.br\/wp-content\/uploads\/2023\/10\/arte_para_o_site-q07tqju4hpk4n7uvl997lkikbdfcxiryxo1wfqgs1s.png\" class=\"attachment-full size-full wp-image-535\" alt=\"\" srcset=\"https:\/\/apaecl.org.br\/wp-content\/uploads\/2023\/10\/arte_para_o_site-q07tqju4hpk4n7uvl997lkikbdfcxiryxo1wfqgs1s.png 2048w, https:\/\/apaecl.org.br\/wp-content\/uploads\/2023\/10\/arte_para_o_site-q07tqju4hpk4n7uvl997lkikbdfcxiryxo1wfqgs1s-300x150.png 300w, https:\/\/apaecl.org.br\/wp-content\/uploads\/2023\/10\/arte_para_o_site-q07tqju4hpk4n7uvl997lkikbdfcxiryxo1wfqgs1s-1024x512.png 1024w, https:\/\/apaecl.org.br\/wp-content\/uploads\/2023\/10\/arte_para_o_site-q07tqju4hpk4n7uvl997lkikbdfcxiryxo1wfqgs1s-768x384.png 768w, https:\/\/apaecl.org.br\/wp-content\/uploads\/2023\/10\/arte_para_o_site-q07tqju4hpk4n7uvl997lkikbdfcxiryxo1wfqgs1s-1536x768.png 1536w\" sizes=\"(max-width: 2048px) 100vw, 2048px\" \/>\t\t\t\t\t\t\t\t\t\t\t\t\t\t\t<\/div>\n\t\t\t\t<\/div>\n\t\t\t\t<div class=\"elementor-element elementor-element-a552a0d elementor-widget elementor-widget-heading\" data-id=\"a552a0d\" data-element_type=\"widget\" data-widget_type=\"heading.default\">\n\t\t\t\t<div class=\"elementor-widget-container\">\n\t\t\t<h2 class=\"elementor-heading-title elementor-size-default\">COMO DOAR PARA A APAE LAFAIETE PELO PIX:\n<\/h2>\t\t<\/div>\n\t\t\t\t<\/div>\n\t\t\t\t<div class=\"elementor-element elementor-element-79d5317 elementor-widget elementor-widget-text-editor\" data-id=\"79d5317\" data-element_type=\"widget\" data-widget_type=\"text-editor.default\">\n\t\t\t\t<div class=\"elementor-widget-container\">\n\t\t\t\t\t\t\t<p>1) Abra o aplicativo do seu banco ou o app de pagamentos digitais que voc\u00ea usa e selecione a op\u00e7\u00e3o\/\u00edcone PIX no menu.<\/p><p>2) Selecione o campo desejado: escolha a op\u00e7\u00e3o CNPJ<\/p><p>3) No campo, digite a chave PIX da <strong>APAE<\/strong>: 20.131.926\/0001-23 e clique em Avan\u00e7ar ou Seguir.<\/p><p>4) Confira se o nome Associa\u00e7\u00e3o de Pais e Amigos dos Excepcionais aparece na tela.<\/p><p>5) Digite o valor da sua doa\u00e7\u00e3o para as crian\u00e7as e clique em Pagar ou Seguir.<\/p><p>6) PRONTO! Voc\u00ea acaba de usar o\u00a0<b>PIX<\/b>\u00a0para levar sa\u00fade, educa\u00e7\u00e3o e assist\u00eancia social a quem mais precisa.<\/p><p>A chave PIX da <strong>APAE<\/strong> <strong>LAFAIETE \u00a0<\/strong>fica armazenada para outras doa\u00e7\u00f5es no futuro<\/p><p><b>Os atendidos da APAE LAFAIETE agradecem. Muito obrigado!<\/b><\/p>\t\t\t\t\t\t<\/div>\n\t\t\t\t<\/div>\n\t\t\t\t\t<\/div>\n\t\t<\/div>\n\t\t\t\t\t\t\t<\/div>\n\t\t<\/section>\n\t\t\t\t\t\t\t<\/div>\n\t\t","protected":false},"excerpt":{"rendered":"<p>Doe via PIX Se voc\u00ea tem um celular com o aplicativo do seu banco ou outros apps \u2013 como PicPay, PayPal, MercadoPago, Ame Digital ou Nubank \u2013 \u00e9 poss\u00edvel fazer uma doa\u00e7\u00e3o inserindo a chave PIX da Apae Lafaiete. Voc\u00ea precisar\u00e1 ter o seu pr\u00f3prio PIX cadastrado antes dessa transa\u00e7\u00e3o. Ao doar para a APAE [&hellip;]<\/p>\n","protected":false},"author":1,"featured_media":0,"parent":0,"menu_order":0,"comment_status":"closed","ping_status":"closed","template":"elementor_header_footer","meta":{"footnotes":""},"class_list":["post-531","page","type-page","status-publish","hentry"],"_links":{"self":[{"href":"https:\/\/apaecl.org.br\/index.php\/wp-json\/wp\/v2\/pages\/531"}],"collection":[{"href":"https:\/\/apaecl.org.br\/index.php\/wp-json\/wp\/v2\/pages"}],"about":[{"href":"https:\/\/apaecl.org.br\/index.php\/wp-json\/wp\/v2\/types\/page"}],"author":[{"embeddable":true,"href":"https:\/\/apaecl.org.br\/index.php\/wp-json\/wp\/v2\/users\/1"}],"replies":[{"embeddable":true,"href":"https:\/\/apaecl.org.br\/index.php\/wp-json\/wp\/v2\/comments?post=531"}],"version-history":[{"count":16,"href":"https:\/\/apaecl.org.br\/index.php\/wp-json\/wp\/v2\/pages\/531\/revisions"}],"predecessor-version":[{"id":729,"href":"https:\/\/apaecl.org.br\/index.php\/wp-json\/wp\/v2\/pages\/531\/revisions\/729"}],"wp:attachment":[{"href":"https:\/\/apaecl.org.br\/index.php\/wp-json\/wp\/v2\/media?parent=531"}],"curies":[{"name":"wp","href":"https:\/\/api.w.org\/{rel}","templated":true}]}}