{"id":555,"date":"2023-10-13T14:32:04","date_gmt":"2023-10-13T17:32:04","guid":{"rendered":"https:\/\/apaecl.org.br\/?page_id=555"},"modified":"2023-10-17T14:14:22","modified_gmt":"2023-10-17T17:14:22","slug":"educacao","status":"publish","type":"page","link":"https:\/\/apaecl.org.br\/index.php\/educacao\/","title":{"rendered":"Educa\u00e7\u00e3o"},"content":{"rendered":"\t\t<div data-elementor-type=\"wp-page\" data-elementor-id=\"555\" class=\"elementor elementor-555\">\n\t\t\t\t\t\t\t\t\t<section class=\"elementor-section elementor-top-section elementor-element elementor-element-9c62030 elementor-section-boxed elementor-section-height-default elementor-section-height-default\" data-id=\"9c62030\" data-element_type=\"section\" data-settings=\"{&quot;background_background&quot;:&quot;classic&quot;}\">\n\t\t\t\t\t\t\t<div class=\"elementor-background-overlay\"><\/div>\n\t\t\t\t\t\t\t<div class=\"elementor-container elementor-column-gap-default\">\n\t\t\t\t\t<div class=\"elementor-column elementor-col-100 elementor-top-column elementor-element elementor-element-b37050e\" data-id=\"b37050e\" data-element_type=\"column\">\n\t\t\t<div class=\"elementor-widget-wrap elementor-element-populated\">\n\t\t\t\t\t\t\t\t<div class=\"elementor-element elementor-element-581de0e elementor-widget elementor-widget-heading\" data-id=\"581de0e\" data-element_type=\"widget\" data-widget_type=\"heading.default\">\n\t\t\t\t<div class=\"elementor-widget-container\">\n\t\t\t<style>\/*! elementor - v3.15.0 - 02-08-2023 *\/\n.elementor-heading-title{padding:0;margin:0;line-height:1}.elementor-widget-heading .elementor-heading-title[class*=elementor-size-]>a{color:inherit;font-size:inherit;line-height:inherit}.elementor-widget-heading .elementor-heading-title.elementor-size-small{font-size:15px}.elementor-widget-heading .elementor-heading-title.elementor-size-medium{font-size:19px}.elementor-widget-heading .elementor-heading-title.elementor-size-large{font-size:29px}.elementor-widget-heading .elementor-heading-title.elementor-size-xl{font-size:39px}.elementor-widget-heading .elementor-heading-title.elementor-size-xxl{font-size:59px}<\/style><h2 class=\"elementor-heading-title elementor-size-default\">Educa\u00e7\u00e3o<\/h2>\t\t<\/div>\n\t\t\t\t<\/div>\n\t\t\t\t<div class=\"elementor-element elementor-element-1550d7f elementor-icon-list--layout-inline elementor-align-center elementor-list-item-link-full_width elementor-widget elementor-widget-icon-list\" data-id=\"1550d7f\" data-element_type=\"widget\" data-widget_type=\"icon-list.default\">\n\t\t\t\t<div class=\"elementor-widget-container\">\n\t\t\t<link rel=\"stylesheet\" href=\"https:\/\/apaecl.org.br\/wp-content\/plugins\/elementor\/assets\/css\/widget-icon-list.min.css\">\t\t<ul class=\"elementor-icon-list-items elementor-inline-items\">\n\t\t\t\t\t\t\t<li class=\"elementor-icon-list-item elementor-inline-item\">\n\t\t\t\t\t\t\t\t\t\t<span class=\"elementor-icon-list-text\">Home<\/span>\n\t\t\t\t\t\t\t\t\t<\/li>\n\t\t\t\t\t\t\t\t<li class=\"elementor-icon-list-item elementor-inline-item\">\n\t\t\t\t\t\t\t\t\t\t\t<span class=\"elementor-icon-list-icon\">\n\t\t\t\t\t\t\t<i aria-hidden=\"true\" class=\"fas fa-chevron-right\"><\/i>\t\t\t\t\t\t<\/span>\n\t\t\t\t\t\t\t\t\t\t<span class=\"elementor-icon-list-text\">Educa\u00e7\u00e3o<\/span>\n\t\t\t\t\t\t\t\t\t<\/li>\n\t\t\t\t\t\t<\/ul>\n\t\t\t\t<\/div>\n\t\t\t\t<\/div>\n\t\t\t\t\t<\/div>\n\t\t<\/div>\n\t\t\t\t\t\t\t<\/div>\n\t\t<\/section>\n\t\t\t\t<section class=\"elementor-section elementor-top-section elementor-element elementor-element-b4841d3 elementor-section-boxed elementor-section-height-default elementor-section-height-default\" data-id=\"b4841d3\" data-element_type=\"section\">\n\t\t\t\t\t\t\t<div class=\"elementor-background-overlay\"><\/div>\n\t\t\t\t\t\t\t<div class=\"elementor-container elementor-column-gap-default\">\n\t\t\t\t\t<div class=\"elementor-column elementor-col-100 elementor-top-column elementor-element elementor-element-336672a\" data-id=\"336672a\" data-element_type=\"column\">\n\t\t\t<div class=\"elementor-widget-wrap elementor-element-populated\">\n\t\t\t\t\t\t\t\t<div class=\"elementor-element elementor-element-9fcaae3 elementor-widget elementor-widget-text-editor\" data-id=\"9fcaae3\" data-element_type=\"widget\" data-widget_type=\"text-editor.default\">\n\t\t\t\t<div class=\"elementor-widget-container\">\n\t\t\t<style>\/*! elementor - v3.15.0 - 02-08-2023 *\/\n.elementor-widget-text-editor.elementor-drop-cap-view-stacked .elementor-drop-cap{background-color:#69727d;color:#fff}.elementor-widget-text-editor.elementor-drop-cap-view-framed .elementor-drop-cap{color:#69727d;border:3px solid;background-color:transparent}.elementor-widget-text-editor:not(.elementor-drop-cap-view-default) .elementor-drop-cap{margin-top:8px}.elementor-widget-text-editor:not(.elementor-drop-cap-view-default) .elementor-drop-cap-letter{width:1em;height:1em}.elementor-widget-text-editor .elementor-drop-cap{float:left;text-align:center;line-height:1;font-size:50px}.elementor-widget-text-editor .elementor-drop-cap-letter{display:inline-block}<\/style>\t\t\t\t<div class=\"elementor-element elementor-element-2164a113 elementor-widget elementor-widget-text-editor\" data-id=\"2164a113\" data-element_type=\"widget\" data-widget_type=\"text-editor.default\"><div class=\"elementor-widget-container\"><p>Escolariza\u00e7\u00e3o Especial<\/p><p>A Escolariza\u00e7\u00e3o Especial\u00a0 corresponde ao conjunto de a\u00e7\u00f5es, procedimentos e estrat\u00e9gias especializadas voltadas para a garantia do percurso escolar e da aprendizagem efetiva e do desenvolvimento integral da pessoa com defici\u00eancia intelectual e\/ou m\u00faltipla, transtorno do espectro autista e transtornos globais do desenvolvimento. A escola \u00e9 organizada em:<br \/>\u00a0 Educa\u00e7\u00e3o infantil \u2013 Crian\u00e7as de 04 a 05 anos<br \/>\u00a0 Ensino Fundamental \u2013 Crian\u00e7as e adolescentes de 06 a 15 anos<br \/>\u00a0 EJA Anos Iniciais e Finais. \u2013 A partir dos 15 anos completos<br \/>P\u00fablico-alvo e forma de acesso: Pessoas com defici\u00eancia intelectual e m\u00faltipla Transtorno de Espectro do Autismo \u2013 TEA e transtornos globais do desenvolvimento,\u00a0 por demanda espont\u00e2nea e\/ou por encaminhamento da rede socioassistencial.<\/p><p>\u00a0<\/p><p>Psicopedagogia<br \/><br \/>O servi\u00e7o de Psicopedagogia\u00a0 investiga as situa\u00e7\u00f5es ou processos que podem estar dificultando\u00a0 a aprendizagem, sejam eles cognitivos, sociais, f\u00edsicos,\u00a0 emocionais ou pedag\u00f3gicos, visando auxiliar no processo de aprendizagem da pessoa com defici\u00eancia intelectual e\/ou m\u00faltipla, transtorno do espectro autista e transtornos globais do desenvolvimento.<\/p><p>P\u00fablico-alvo e forma de acesso: Pessoas com defici\u00eancia intelectual e m\u00faltipla Transtorno de Espectro do Autismo \u2013 TEA e transtornos globais do desenvolvimento,\u00a0 por demanda espont\u00e2nea e\/ou por encaminhamento da rede socioassistencial.<\/p><\/div><\/div>\t\t\t\t\t\t<\/div>\n\t\t\t\t<\/div>\n\t\t\t\t\t<\/div>\n\t\t<\/div>\n\t\t\t\t\t\t\t<\/div>\n\t\t<\/section>\n\t\t\t\t\t\t\t<\/div>\n\t\t","protected":false},"excerpt":{"rendered":"<p>Educa\u00e7\u00e3o Home Educa\u00e7\u00e3o Escolariza\u00e7\u00e3o Especial A Escolariza\u00e7\u00e3o Especial\u00a0 corresponde ao conjunto de a\u00e7\u00f5es, procedimentos e estrat\u00e9gias especializadas voltadas para a garantia do percurso escolar e da aprendizagem efetiva e do desenvolvimento integral da pessoa com defici\u00eancia intelectual e\/ou m\u00faltipla, transtorno do espectro autista e transtornos globais do desenvolvimento. A escola \u00e9 organizada em:\u00a0 Educa\u00e7\u00e3o infantil [&hellip;]<\/p>\n","protected":false},"author":1,"featured_media":0,"parent":0,"menu_order":0,"comment_status":"closed","ping_status":"closed","template":"elementor_header_footer","meta":{"footnotes":""},"class_list":["post-555","page","type-page","status-publish","hentry"],"_links":{"self":[{"href":"https:\/\/apaecl.org.br\/index.php\/wp-json\/wp\/v2\/pages\/555"}],"collection":[{"href":"https:\/\/apaecl.org.br\/index.php\/wp-json\/wp\/v2\/pages"}],"about":[{"href":"https:\/\/apaecl.org.br\/index.php\/wp-json\/wp\/v2\/types\/page"}],"author":[{"embeddable":true,"href":"https:\/\/apaecl.org.br\/index.php\/wp-json\/wp\/v2\/users\/1"}],"replies":[{"embeddable":true,"href":"https:\/\/apaecl.org.br\/index.php\/wp-json\/wp\/v2\/comments?post=555"}],"version-history":[{"count":10,"href":"https:\/\/apaecl.org.br\/index.php\/wp-json\/wp\/v2\/pages\/555\/revisions"}],"predecessor-version":[{"id":708,"href":"https:\/\/apaecl.org.br\/index.php\/wp-json\/wp\/v2\/pages\/555\/revisions\/708"}],"wp:attachment":[{"href":"https:\/\/apaecl.org.br\/index.php\/wp-json\/wp\/v2\/media?parent=555"}],"curies":[{"name":"wp","href":"https:\/\/api.w.org\/{rel}","templated":true}]}}

Educação

<div data-elementor-type="wp-page" data-elementor-id="555" class="elementor elementor-555">
									<section class="elementor-section elementor-top-section elementor-element elementor-element-9c62030 elementor-section-boxed elementor-section-height-default elementor-section-height-default" data-id="9c62030" data-element_type="section" data-settings="{&quot;background_background&quot;:&quot;classic&quot;}">
							<div class="elementor-background-overlay"></div>
							<div class="elementor-container elementor-column-gap-default">
					<div class="elementor-column elementor-col-100 elementor-top-column elementor-element elementor-element-b37050e" data-id="b37050e" data-element_type="column">
			<div class="elementor-widget-wrap elementor-element-populated">
								<div class="elementor-element elementor-element-581de0e elementor-widget elementor-widget-heading" data-id="581de0e" data-element_type="widget" data-widget_type="heading.default">
				<div class="elementor-widget-container">
			<style>/*! elementor - v3.15.0 - 02-08-2023 */
.elementor-heading-title{padding:0;margin:0;line-height:1}.elementor-widget-heading .elementor-heading-title[class*=elementor-size-]>a{color:inherit;font-size:inherit;line-height:inherit}.elementor-widget-heading .elementor-heading-title.elementor-size-small{font-size:15px}.elementor-widget-heading .elementor-heading-title.elementor-size-medium{font-size:19px}.elementor-widget-heading .elementor-heading-title.elementor-size-large{font-size:29px}.elementor-widget-heading .elementor-heading-title.elementor-size-xl{font-size:39px}.elementor-widget-heading .elementor-heading-title.elementor-size-xxl{font-size:59px}</style><h2 class="elementor-heading-title elementor-size-default">Educação</h2>		</div>
				</div>
				<div class="elementor-element elementor-element-1550d7f elementor-icon-list--layout-inline elementor-align-center elementor-list-item-link-full_width elementor-widget elementor-widget-icon-list" data-id="1550d7f" data-element_type="widget" data-widget_type="icon-list.default">
				<div class="elementor-widget-container">
			<link rel="stylesheet" href="https://apaecl.org.br/wp-content/plugins/elementor/assets/css/widget-icon-list.min.css">		<ul class="elementor-icon-list-items elementor-inline-items">
							<li class="elementor-icon-list-item elementor-inline-item">
										<span class="elementor-icon-list-text">Home</span>
									</li>
								<li class="elementor-icon-list-item elementor-inline-item">
											<span class="elementor-icon-list-icon">
							<i aria-hidden="true" class="fas fa-chevron-right"></i>						</span>
										<span class="elementor-icon-list-text">Educação</span>
									</li>
						</ul>
				</div>
				</div>
					</div>
		</div>
							</div>
		</section>
				<section class="elementor-section elementor-top-section elementor-element elementor-element-b4841d3 elementor-section-boxed elementor-section-height-default elementor-section-height-default" data-id="b4841d3" data-element_type="section">
							<div class="elementor-background-overlay"></div>
							<div class="elementor-container elementor-column-gap-default">
					<div class="elementor-column elementor-col-100 elementor-top-column elementor-element elementor-element-336672a" data-id="336672a" data-element_type="column">
			<div class="elementor-widget-wrap elementor-element-populated">
								<div class="elementor-element elementor-element-9fcaae3 elementor-widget elementor-widget-text-editor" data-id="9fcaae3" data-element_type="widget" data-widget_type="text-editor.default">
				<div class="elementor-widget-container">
			<style>/*! elementor - v3.15.0 - 02-08-2023 */
.elementor-widget-text-editor.elementor-drop-cap-view-stacked .elementor-drop-cap{background-color:#69727d;color:#fff}.elementor-widget-text-editor.elementor-drop-cap-view-framed .elementor-drop-cap{color:#69727d;border:3px solid;background-color:transparent}.elementor-widget-text-editor:not(.elementor-drop-cap-view-default) .elementor-drop-cap{margin-top:8px}.elementor-widget-text-editor:not(.elementor-drop-cap-view-default) .elementor-drop-cap-letter{width:1em;height:1em}.elementor-widget-text-editor .elementor-drop-cap{float:left;text-align:center;line-height:1;font-size:50px}.elementor-widget-text-editor .elementor-drop-cap-letter{display:inline-block}</style>				<div class="elementor-element elementor-element-2164a113 elementor-widget elementor-widget-text-editor" data-id="2164a113" data-element_type="widget" data-widget_type="text-editor.default"><div class="elementor-widget-container"><p>Escolarização Especial</p><p>A Escolarização Especial  corresponde ao conjunto de ações, procedimentos e estratégias especializadas voltadas para a garantia do percurso escolar e da aprendizagem efetiva e do desenvolvimento integral da pessoa com deficiência intelectual e/ou múltipla, transtorno do espectro autista e transtornos globais do desenvolvimento. A escola é organizada em:<br />  Educação infantil – Crianças de 04 a 05 anos<br />  Ensino Fundamental – Crianças e adolescentes de 06 a 15 anos<br />  EJA Anos Iniciais e Finais. – A partir dos 15 anos completos<br />Público-alvo e forma de acesso: Pessoas com deficiência intelectual e múltipla Transtorno de Espectro do Autismo – TEA e transtornos globais do desenvolvimento,  por demanda espontânea e/ou por encaminhamento da rede socioassistencial.</p><p> </p><p>Psicopedagogia<br /><br />O serviço de Psicopedagogia  investiga as situações ou processos que podem estar dificultando  a aprendizagem, sejam eles cognitivos, sociais, físicos,  emocionais ou pedagógicos, visando auxiliar no processo de aprendizagem da pessoa com deficiência intelectual e/ou múltipla, transtorno do espectro autista e transtornos globais do desenvolvimento.</p><p>Público-alvo e forma de acesso: Pessoas com deficiência intelectual e múltipla Transtorno de Espectro do Autismo – TEA e transtornos globais do desenvolvimento,  por demanda espontânea e/ou por encaminhamento da rede socioassistencial.</p></div></div>						</div>
				</div>
					</div>
		</div>
							</div>
		</section>
							</div>

<p>Educação Home Educação Escolarização Especial A Escolarização Especial  corresponde ao conjunto de ações, procedimentos e estratégias especializadas voltadas para a garantia do percurso escolar e da aprendizagem efetiva e do desenvolvimento integral da pessoa com deficiência intelectual e/ou múltipla, transtorno do espectro autista e transtornos globais do desenvolvimento. A escola é organizada em:  Educação infantil [&hellip;]</p>
